Suppose 5*m + 460 = -4*v, 0 = -5*v + 2*m - 535 - 40. Let q = -111 - v. Determine t(q).
-6
Let m(z) = -z**3 - 5*z**2 + z - 10. Let g(f) = -9*f**2 + 819*f - 6. Let r be g(91). What is m(r)?
20
Let h(g) = -8*g**3 - g**2. Let i(s) = -2*s - 28. Let c be (-2 - 0) + (-1 - 0 - 13). Let n be i(c). Let d be 1/(-3) + n/(-6). What is h(d)?
7
Let z(x) = x + 3. Suppose -y = 5*i - 3 - 6, -2*y = 2*i - 10. Let j be y/(-12) - ((-2)/(-3) + 1). Let w be 4/10 - j/(-5). Give z(w).
3
Let r(x) = x**3 - 7*x**2 + 8*x + 20. Let b be r(6). Suppose 7*k = 15*k + b. Let p(t) = -2*t - 2. Determine p(k).
6
Let b(j) = j. Let d be b(2). Let p(w) = 2*w - 15 + 9 - 6*w + 3*w + 11. Let z be p(d). Let g(y) = y**2. Give g(z).
9
Let s(k) = k**2 - 9*k + 20. Let j(i) = -60*i - 1314. Let a be j(-22). What is s(a)?
2
Suppose 24 = -4*p + 8*p. Let k(s) = 1313*s + 3*s**2 - 1307*s + 8 - 4*s**2. Calculate k(p).
8
Let z = 0 - -3. Let q(m) be the second derivative of -m**4/6 + m**3/3 - 3*m**2/2 + 150*m - 4. What is q(z)?
-15
Let h(k) = k**2 + 12*k + 15. Let l(z) = -z**2 - 8*z + 1741. Let w be l(38). What is h(w)?
-20
Let r(q) = -2*q + 8. Let z be r(5). Let k(o) be the first derivative of o + 2. Let b(t) = -t - 4. Let d(c) = -b(c) - 3*k(c). What is d(z)?
-1
Let h(w) = 13*w + 111. Suppose k + 7*a - 55 = 0, -4*k + 12*a = 13*a + 23. Calculate h(k).
7
Let z be -7 + -2 + 0 + 1. Let c be 48 - 36 - (2 + 7). Let w(p) = -p + 0*p - c + 4*p + 0 - 4*p. Determine w(z).
5
Let p(f) = 2*f**2 + f. Let b(w) = w**2 + 2*w - 20. Let y be b(-7). Let n = -17 + y. Calculate p(n).
6
Let y = -554 + 629. Suppose 73*k = y*k + 4*m - 14, -2*m = -5*k + 35. Let x(b) = -3 - 1 - b + 14. Give x(k).
3
Let f = 34668 - 34685. Let c(l) = l**3 + 17*l**2 + 14*l + 228. Determine c(f).
-10
Let i = 82506 + -82502. Let n(m) = -4*m + m**3 + 1 - 4*m**2 + 6*m + 2*m. Give n(i).
17
Let m(v) = -2*v**2 - 75*v + 106. Suppose 421*n - 2457 = 484*n. Give m(n).
-11
Let i(u) = 4*u**2 - 3*u + 2. Let d be i(2). Suppose -4*c + c = -d. Let k(b) = -6*b + 4. Calculate k(c).
-20
Let u(b) = 13*b + 10. Let g(q) = -24*q - 22. Let j(x) = 2*g(x) + 5*u(x). Give j(-5).
-79
Let x(a) = 37 - 13 + 6*a**2 - 67*a + 3 - 2. What is x(11)?
14
Suppose -28*l + 421 = -27. Let x(z) = -1290 - l*z + 643 + 0*z + 648. Determine x(1).
-15
Let o(t) = 4 + 26*t**2 - 24*t**2 - 11*t + 16*t. Let c(s) = -s**2 + 6*s + 277. Let y be c(-14). Calculate o(y).
7
Let j(m) be the second derivative of m**6/360 + 3*m**5/40 + 11*m**4/24 + m**3/6 - 2*m**2 + 6*m + 14. Let q(r) be the second derivative of j(r). Give q(-9).
11
Let v(p) be the second derivative of 5/6*p**3 + 1/20*p**5 - 3*p - 1 + 3*p**2 - 1/2*p**4. Calculate v(5).
6
Let u(q) be the first derivative of q**4/4 - 8*q**3/3 + 5*q**2/2 + 7*q - 1. Suppose 5*h + 3*f = 24, -22*h - 5*f + 8 = -19*h. Give u(h).
-35
Let o(s) = -995*s - s**3 + 958*s + 0*s**3 - 47 - 37*s**2. What is o(-36)?
-11
Suppose -340*b - 42 = 5*h - 336*b, -2*h - 3*b = 7. Let o(r) = -3*r - 37. Calculate o(h).
5
Suppose -4*b - n + 2*n = -21, 5*b - 36 = -2*n. Let y(k) be the first derivative of -2*k**3/3 + 7*k**2 + 102. What is y(b)?
12
Let m(b) = 1015 + 17*b - 5*b - 91*b - 14*b - 363. Give m(7).
1
Let c(q) = -q - 32. Let z(j) = -j**2 + 42*j - 320. Let r be z(10). What is c(r)?
-32
Let i(m) be the second derivative of 0 + 1/6*m**3 + 1/2*m**2 - 5/4*m**4 - 145*m. What is i(-1)?
-15
Let x(g) be the second derivative of g**4/12 + 8*g**3/3 + 25*g**2 + g - 3195. Give x(-4).
2
Let v(z) be the second derivative of -z**4/4 - 11*z**3/3 + 11*z**2/2 - 989*z - 1. What is v(-8)?
-5
Let y(f) be the second derivative of f**4/12 + 31*f**3/6 + 43*f**2/2 - 89*f - 7. Calculate y(-29).
-15
Let k be ((972/16)/(-9))/(6/(-80)). Let b be (-324)/k - 2/5. Let r be (-13)/b - (-5)/(-60)*3. Let p(c) = -c**3 + c**2 + 4*c. Give p(r).
-6
Suppose -2*q + j = -11, -5*q - 5*j - 5 = -25. Suppose -q*v + 10 = -0*v. Let z(f) = 223*f - 97*f + f**3 - 10 - 13*f**v - 113*f. Determine z(12).
2
Suppose -2*d - 2 = -4*z, 0 = -4*d - 3*z + 2*z - 22. Let o(l) = -l**2 - 7*l - 2. Calculate o(d).
8
Let m(l) = -4*l + 10. Let i(j) = j**3 + 91*j**2 + 94*j + 360. Let s be i(-90). Give m(s).
10
Let b be (2/(-3))/(14/(-315)). Suppose 5*i - 5*n + b = 0, -6*n = -3*n + 3. Let t(r) = 2*r**2 - r. Determine t(i).
36
Let z(p) = 24*p**3 + 16*p**2 - 14*p - 14. Let o(k) = 22*k**3 + 15*k**2 - 13*k - 13. Let f(i) = 11*o(i) - 10*z(i). Calculate f(3).
87
Let t(p) be the third derivative of -7*p**4/24 - p**3 - 2*p**2 + 69*p. Calculate t(-3).
15
Let r(n) be the third derivative of n**4/24 + 4*n**3/3 - 57*n**2. Let u = -86 - -86. What is r(u)?
8
Let k(a) = -a**3 + 4*a**2 - 2*a - 10. Suppose -143*p - 1189 = -1475. Determine k(p).
-6
Suppose 3*k - 2*i + 7*i + 4 = 0, i = -5. Let d(l) = 13*l - 46. Let z(x) = 4*x - 15. Let u(f) = k*z(f) - 2*d(f). Give u(9).
5
Let a be -2 + 3 + -2 + 2. Let c(m) = 5*m**3 + 12*m**2 + 2*m + 9. Let s(x) = -x**3 - x**2 - x - 1. Let w(z) = a*c(z) + 6*s(z). Let b = -594 + 600. What is w(b)?
-21
Suppose -5*x = 977 - 292. Let h be (14/(-3))/((-14)/(-21)) + 138. Let n = x + h. Let p(a) = -3*a + 7. Calculate p(n).
25
Let d = 1 + -5. Let k(p) be the first derivative of -85 - 3/2*p**2 - 4*p - 1/3*p**3. Calculate k(d).
-8
Let g(u) = -5*u**3 + 16*u**2 - 17*u + 3. Let s(q) = q**3 - q**2 + q. Let j(r) = -g(r) - 6*s(r). Suppose -17*m + 126 - 49 = 264. Determine j(m).
-3
Let i(p) = -p**3 + 32. Let l be 90/(-25) + 4 + ((-12)/30)/1. Give i(l).
32
Let t(p) = -p + 1. Let a(x) = x**2 - 8*x. Suppose -13 = 3*j - 112. Suppose -j = -6*d + 9. Let w be a(d). Calculate t(w).
8
Let v(c) = -112*c + 67*c + 3 + 82*c. What is v(1)?
40
Let f(j) = -j**3 + 5*j**2. Let l be f(5). Let y(x) be the second derivative of -x**3/6 - 17*x**2/2 - 1572*x. Determine y(l).
-17
Let l be (2*-1 + 1)*(-132 - -147). Let a(n) = 10*n + 155. Calculate a(l).
5
Suppose -24 = 73*k - 67*k. Let g(h) = 4*h**2 - 8*h**2 - h + 3*h - h**3 + 3 - 4 + 0*h. Determine g(k).
-9
Let f(g) = 109*g**3 + 21*g**2 + 28*g + 16. Let n(x) = -25*x**3 - 5*x**2 - 7*x - 4. Let y(u) = -2*f(u) - 9*n(u). Calculate y(-1).
-7
Let g(q) be the second derivative of 1/30*q**5 - 3*q**3 + 1/24*q**4 + 0*q**2 + 34*q + 0. Let d(k) be the second derivative of g(k). Calculate d(4).
17
Let u(y) = -y**2 - 2*y - 2. Let x be 1 + -24 + -19 + 25. Let k(s) = 2*s + 30. Let v be k(x). What is u(v)?
-10
Let z(b) be the third derivative of -3*b**5/20 + b**4/24 - 7*b**3/6 - b**2 - 40*b. Let u(j) = 4*j**2 + 3. Let n(c) = -5*u(c) - 2*z(c). Determine n(-2).
-5
Let s(z) = 38*z**2 + 10*z - 31. Let v(l) = -51*l**2 - 11*l + 30. Let u(p) = -4*s(p) - 3*v(p). Give u(11).
78
Let f(g) = -g**2 - 17*g - 29. Let c = 11509 - 11527. Calculate f(c).
-47
Let g(s) = 2 + 1 - 3 - s - 1. Suppose -95*b + 13*b + 58 = -24. Calculate g(b).
-2
Let j(c) = c**3 - 106*c**2 + 109*c - 426. Let h be j(105). Let x(v) = -v**2 - 14*v + 4. Calculate x(h).
52
Let n(m) = m**2 - 8*m + 2. Let l(q) = q**3 - 38*q**2 - 40*q + 55. Let x be l(39). Suppose -30 = 11*v - x*v. What is n(v)?
-10
Suppose 49*a + 50*a + 59*a = 0. Let k(c) = -5*c**2 + 4*c + 5. Let u(m) = m**2 - m. Let q(f) = -k(f) - 3*u(f). Determine q(a).
-5
Let v(y) be the third derivative of 1/6*y**3 + 0*y - 133*y**2 - 1/12*y**4 + 0 - 7/15*y**5. Give v(1).
-29
Let z be -16 + 5496/288 - ((-6)/(-3) + 1). Let r(v) be the second derivative of 0 - 32*v - 5/6*v**3 + 0*v**2 + z*v**4. What is r(4)?
-4
Let j be (4/6)/(-1 + (-30)/(-18)). Let k be (60/(-24))/(0 - j/2). Let p(w) = w - 8. Determine p(k).
-3
Let s(y) = -y**3 - 24*y**2 - 47*y + 1. Let q = -231 + 209. Calculate s(q).
67
Let l(g) be the second derivative of -g**3/3 - 3*g**2/2 - 6*g. Let r(h) = -h**2 - 3*h + 7. Let p be r(-4). Let d be (-21)/p + 3/1. What is l(d)?
5
Let s(o) = -10*o**3 + o. Let u(a) = -a**2 + 3*a + 29. Let x = -45 - -41. Let d be u(x). Suppose -4*f = 2*i + 2, -4*f + 4*i - d = -17. What is s(f)?
-9
Let y(r) = r**3 + 14*r**2 + 18*r - 65. Let x = 5735 - 5747. What is y(x)?
7
Let s(p) = -2*p**2 + 16*p - 7. Let b(w) = -3*w**2 + 6*w - 2. Let l(y) = 13*y**2 - 23*y + 7. Let k(c) = -9*b(c) - 2*l(c). Let t(v) = -5*k(v) - 2*s(v). Give t(5).
9
Let q(w) be the first derivative of -4*w**3/3 + w**2 + 5*w - 6380. What is q(4)?
-51
Let u(o) = -o**2 - 2*o - 3. Let g(p) = p**3 - 27*p**2 + 25*p + 31. Let h be g(26). Let s(t) = t**2 - 2*t - 17. Let n be s(h). Calculate u(n).
-3
Let k 